the highest common divisor of 201 and 802660?
67
What is the greatest common factor of 100455 and 555?
555
What is the highest common factor of 85 and 1802?
17
Calculate the highest common divisor of 14673971 and 377.
377
Calculate the greatest common divisor of 13017 and 141.
3
What is the greatest common divisor of 7992 and 777?
111
Calculate the greatest common factor of 850 and 11699400.
850
What is the greatest common factor of 34545 and 315?
105
Calculate the highest common divisor of 756 and 119.
7
Calculate the greatest common divisor of 2141505 and 2610.
1305
What is the greatest common factor of 117 and 19357?
13
Calculate the highest common factor of 255394 and 7376.
922
What is the highest common factor of 104454 and 96?
6
What is the greatest common divisor of 6636 and 3948?
84
Calculate the greatest common divisor of 834 and 9.
3
What is the greatest common factor of 192000 and 25?
25
Calculate the greatest common factor of 390 and 67280.
10
What is the highest common factor of 10508 and 8?
4
Calculate the greatest common factor of 77588 and 5216.
652
What is the greatest common factor of 14 and 9532334?
14
Calculate the greatest common factor of 15 and 6131445.
15
What is the greatest common divisor of 3420 and 6612?
228
What is the highest common factor of 39 and 30719?
13
What is the greatest common divisor of 351552 and 320?
64
What is the highest common factor of 5761660 and 248?
124
What is the highest common factor of 8218 and 742?
14
Calculate the greatest common factor of 288239 and 119.
7
Calculate the highest common divisor of 6426 and 217294.
238
Calculate the highest common divisor of 67713 and 6.
3
What is the highest common factor of 6835 and 1334192?
1367
Calculate the highest common divisor of 261570 and 108.
6
What is the highest common divisor of 10557 and 46?
23
What is the highest common divisor of 689 and 3922?
53
What is the greatest common factor of 152427 and 99?
33
Calculate the highest common divisor of 2376 and 43281.
27
Calculate the greatest common divisor of 1645 and 37135.
35
Calculate the highest common factor of 32254 and 12.
2
What is the highest common factor of 8441 and 3818?
23
What is the greatest common factor of 708 and 5804?
4
Calculate the greatest common factor of 278 and 5818262.
278
Calculate the greatest common factor of 1967378 and 84.
14
Calculate the highest common factor of 80 and 305200.
80
Calculate the highest common factor of 1907301 and 4785.
957
Calculate the greatest common divisor of 122 and 869921.
61
Calculate the highest common factor of 36 and 36261.
9
What is the highest common factor of 20548 and 12?
4
Calculate the highest common divisor of 70108 and 272.
68
What is the highest common factor of 1442 and 5150?
206
What is the greatest common divisor of 999 and 783?
27
Calculate the greatest common divisor of 49773 and 3102.
141
What is the greatest common factor of 28 and 33502?
14
What is the greatest common factor of 52157 and 7?
7
What is the highest common factor of 454625 and 250?
125
What is the highest common divisor of 174430 and 40?
10
What is the greatest common divisor of 206 and 366783?
103
Calculate the greatest common divisor of 158664 and 440.
88
What is the greatest common divisor of 5133 and 261?
87
Calculate the highest common factor of 1630553 and 222.
37
What is the greatest common divisor of 1846 and 728?
26
What is the highest common divisor of 187 and 3903812?
187
What is the greatest common factor of 196224 and 292?
292
What is the highest common divisor of 255 and 24285?
15
What is the greatest common factor of 34 and 1677458?
34
What is the greatest common factor of 16226 and 10675?
427
Calculate the greatest common factor of 5128 and 8.
8
What is the greatest common factor of 2 and 1355357?
1
Calculate the highest common factor of 11948 and 1156.
4
What is the greatest common divisor of 2300 and 4610?
10
What is the highest common factor of 16 and 28432?
16
What is the highest common divisor of 1470 and 1335?
15
Calculate the highest common divisor of 190 and 7970.
10
Calculate the highest common factor of 41920 and 240.
80
Calculate the greatest common divisor of 17 and 153119.
17
What is the highest common divisor of 104650 and 26450?
1150
What is the greatest common divisor of 206206 and 91?
91
Calculate the highest common factor of 1054 and 10880.
34
Calculate the greatest common factor of 44 and 977108.
44
Calculate the highest common divisor of 136 and 5134.
34
Calculate the highest common divisor of 1737915 and 30.
15
Calculate the highest common divisor of 274302 and 609.
21
Calculate the greatest common divisor of 713843 and 4472.
559
What is the highest common factor of 4965 and 2880?
15
What is the highest common factor of 4213 and 78898?
383
Calculate the greatest common factor of 2310146 and 872.
218
What is the greatest common factor of 126930 and 410?
10
Calculate the highest common divisor of 63222 and 2788.
82
What is the highest common divisor of 168735 and 525?
105
Calculate the greatest common factor of 102459 and 1230.
123
Calculate the highest common divisor of 381799 and 1342.
671
Calculate the greatest common factor of 2316 and 162892.
772
What is the greatest common divisor of 533896 and 176?
88
Calculate the greatest common divisor of 30 and 1665.
15
Calculate the highest common divisor of 1148 and 65723.
287
What is the greatest common factor of 21 and 1059954?
21
Calculate the highest common divisor of 30378 and 50.
2
Calculate the highest common divisor of 516 and 48676.
172
What is the highest common factor of 23 and 5189?
1
Calculate the highest common divisor of 981 and 28122.
327
What is the greatest common factor of 4531 and 50235?
197
Calculate the highest common divisor of 4601 and 32981.
43
What is the greatest common divisor of 2260 and 8927?
113
Calculate the highest common divisor of 24370140 and 60.
60
What is the greatest common divisor of 22059 and 234522?
1161
What is the greatest common factor of 135 and 615?
15
What is the highest common factor of 42 and 36246?
42
What is the highest common factor of 522 and 6498?
18
What is the highest common divisor of 24415 and 1539?
19
Calculate the greatest common factor of 1420 and 808690.
710
What is the greatest common divisor of 765 and 63?
9
Calculate the highest common factor of 368 and 568.
8
What is the greatest common divisor of 2585 and 3055?
235
Calculate the highest common divisor of 3182 and 3922.
74
What is the greatest common factor of 6995 and 635?
5
What is the highest common factor of 5346 and 1606?
22
Calculate the greatest common divisor of 23 and 483736.
23
What is the greatest common factor of 17842 and 396?
22
What is the greatest common divisor of 3328 and 55666?
26
What is the highest common divisor of 3317 and 79180?
107
What is the highest common factor of 265398 and 672?
42
What is the highest common divisor of 161 and 652142?
23
What is the greatest common factor of 162089 and 10327?
449
What is the highest common factor of 455 and 7865?
65
What is the highest common factor of 1140 and 606860?
380
What is the highest common divisor of 6 and 210774?
6
What is the greatest common divisor of 2114 and 87278?
302
Calculate the greatest common factor of 143434 and 58.
58
Calculate the highest common divisor of 3045 and 945.
105
Calculate the greatest common divisor of 4738 and 943.
23
What is the greatest common divisor of 552840 and 408?
408
What is the highest common factor of 48888 and 96?
24
Calculate the greatest common divisor of 147 and 1632.
3
Calculate the greatest common divisor of 29235 and 465.
15
What is the highest common divisor of 308 and 18524?
44
What is the highest common factor of 879 and 29593?
293
What is the greatest common divisor of 4144 and 1813?
259
What is the greatest common factor of 56119 and 7?
7
Calculate the greatest common divisor of 55 and 879637.
11
Calculate the highest common factor of 228 and 275844.
12
What is the highest common divisor of 98 and 1848182?
98
What is the highest common factor of 143253 and 27?
9
What is the greatest common divisor of 644 and 92?
92
Calculate the greatest common factor of 2087733 and 158.
79
Calculate the highest common factor of 4 and 512020.
4
Calculate t